- 164/(-6). Suppose -f - 4*f = -20. What is the greatest common factor of f and u?
4
Suppose -2*j + 752 = 5*w, 4*j = j + 5*w + 1103. Calculate the greatest common divisor of 7 and j.
7
Let f be ((-113)/(-5) - -3) + 2/5. Suppose -28*r = -f*r - 864. What is the greatest common divisor of 48 and r?
48
Let v(k) = -92*k - 408. Let w be v(-5). Calculate the greatest common divisor of 10 and w.
2
Let v be (1/(-3))/((-4)/156). Suppose c - 37 = v. What is the greatest common divisor of 20 and c?
10
Let s(y) = y**3 + 15*y**2 - 22*y - 6. Let n be s(-16). What is the greatest common factor of n and 30?
30
Suppose 4*x - 18 = 3*x. Let c be ((-7)/3 - -2)*-21. Suppose -3*v - 735 = -5*j, -j + 129 = c*v - 4*v. Calculate the highest common divisor of j and x.
18
Suppose 0 = 36*i - 1643 - 2317. What is the highest common divisor of 44 and i?
22
Let o(s) = -14 + 5 - 10 + 2 - s. Let r be o(-18). Calculate the greatest common divisor of 1 and r.
1
Suppose -4*h + 330 = -2*r, -4*h = -15*r + 11*r - 320. Calculate the greatest common divisor of 391 and h.
17
Suppose -5*h - 6 = 2*n, -3*h - 10 = 2*n - 4. Suppose 5*u = -h*u + 10. Let y = 3 + -1. What is the greatest common factor of y and u?
2
Suppose 0 = -p + 5*a + 6, 5*p - 3*a - 165 = -5*a. What is the greatest common divisor of p and 434?
31
Suppose 14*p - 8*p - 720 = 0. What is the highest common factor of p and 24?
24
Suppose -179 + 215 = 4*k. Suppose -3*q + 5*a = k, -3 = -4*q + 3*a - 4. Calculate the greatest common divisor of q and 5.
1
Suppose 0*b + 2*b - 12 = 0. Let l(q) = -q**2 + 5*q + 8. Let c be l(b). Suppose c*t - 3*w - 65 = 2, -5*w = t - 40. What is the highest common factor of t and 7?
7
Let o = -421 + 717. Calculate the greatest common factor of o and 37.
37
Let c(y) = -y**3 - y + 578. Let u be c(0). Suppose 3*m - u = 610. Calculate the greatest common factor of m and 36.
36
Let d = 93 - 1. Suppose -3*c + 3*o + 36 + 45 = 0, -65 = -3*c - o. Calculate the greatest common factor of c and d.
23
Let y be (-12)/(-45)*10 - (-4)/(-6). Suppose -5*d + 182 = 2*a, 3*a + 3*d = y*d + 286. Let t be (-1)/2 + 129/2. Calculate the highest common factor of a and t.
32
Let d = 131 + 97. What is the greatest common divisor of d and 24?
12
Suppose 3*w - 25 = 74. Let k = 39 - w. Let f be (0 + -15)*(-4)/5. What is the highest common factor of k and f?
6
Suppose 8 = -2*l, -2*h - 6 - 28 = -l. Let p = 6 + -35. Let o = h - p. Calculate the greatest common factor of o and 10.
10
Let m be (-80)/(((-1)/5)/((-12)/(-15))). What is the highest common factor of m and 5?
5
Suppose -10*n + 1304 - 1184 = 0. What is the greatest common factor of n and 448?
4
Let r be 75 + (-30 - -11) + (0 - 0). Calculate the greatest common divisor of 392 and r.
56
Let p(q) = 37*q + 793. Let c be p(0). What is the greatest common divisor of 61 and c?
61
Suppose -3*g + 3 = -4*q, -q - 4*g + 3 = -g. Suppose 0*n + 5*n - 225 = 2*d, q = -2*d. What is the greatest common divisor of 18 and n?
9
Let g = -14 + 76. What is the greatest common factor of g and 1178?
62
Let u(r) = -r**2 - 27*r + 16. Let n be u(-27). Suppose 0 = 4*j - n, 0 = -3*b + 4*j + 52 + 127. What is the greatest common factor of b and 13?
13
Let i(m) = -3*m. Let w = -4 - -3. Let p be i(w). Let h be ((-18)/(-8))/(30/120). Calculate the greatest common divisor of h and p.
3
Let h = -12 + 39. Let d be ((-1)/((-2)/140))/(18/h). What is the greatest common divisor of d and 35?
35
Let z(b) = b + 20. Let r be z(-19). Let v be ((-30)/24)/(r/(-36)). Suppose -3 = 2*k - 39. What is the greatest common factor of k and v?
9
Let b = -403 - -409. Calculate the greatest common factor of 138 and b.
6
Let h(t) = -t**3 + 13*t**2 + 2*t - 3. Let r be h(13). Let x be (4 - -5)*(19 - 2). Let n be 8 + x + (0 - 0). Calculate the highest common divisor of r and n.
23
Let d = 1062 + -987. Calculate the greatest common factor of 105 and d.
15
Let x be -2 - -10 - (1 + 2). Suppose -x*n + 23 = -2. Let a be ((-12)/10)/(n/(-350)). Calculate the highest common divisor of a and 21.
21
Let o be ((-14)/(-6) + -1)/(3/684). What is the highest common divisor of o and 16?
16
Let d be (-2)/(-6) - 350/6. Let z(w) = 4*w**2 + 6*w - 4. Let c be z(5). Let u = c + d. What is the greatest common divisor of u and 17?
17
Let j be (-1)/((-4)/(-40)*-2). Let n(f) = -2*f - 5 + 5*f**2 + 4*f**2 + 0*f - 7*f**2. Let o be n(6). Calculate the highest common factor of o and j.
5
Let g(m) = 8*m**3 + 4*m**2 - 2*m + 3. Let k be g(2). Let z(t) = -t + 1. Let j be z(-5). Suppose -j*p = -k - 161. What is the highest common factor of 16 and p?
8
Let g = 624 + -605. Calculate the greatest common factor of g and 247.
19
Let l be -16 + (-10)/(-6)*-3. Let x be (-7)/(l/6) + 0. Calculate the greatest common factor of x and 18.
2
Let u(g) = 2*g - 3. Let v be u(5). Let p(f) = 19 + f**2 - 10*f - 6*f + 7*f - v. Let c be p(8). Calculate the highest common factor of c and 16.
4
Let i be 82*((-6)/2)/3. Let y = i + 156. Calculate the greatest common divisor of y and 37.
37
Let k be 10 - 3 - (2 + -7). What is the greatest common factor of k and 348?
12
Let w = -176 - -351. Calculate the highest common factor of 70 and w.
35
Let i = 383 - 174. Calculate the greatest common factor of i and 11.
11
Let a be (270/24 + -5)/((-2)/(-8)). Let c = a + -11. Suppose -2*d = -3*d + 42. Calculate the highest common factor of d and c.
14
Suppose 0 = -3*g + 3*h + 27, 2*g + 9*h = 4*h + 11. Let c(p) = -39*p - 1. Let t be c(-1). Let o = t - 14. What is the highest common divisor of g and o?
8
Let l(m) = m**2 - 6*m - 2. Let t be l(5). Let d = 97 + -112. Let z = t - d. Calculate the highest common divisor of z and 56.
8
Suppose -94*l = -8*l - 116702. What is the highest common divisor of 59 and l?
59
Suppose -z = 63 - 223. Let v be 2*80/(-56)*-7. What is the greatest common divisor of v and z?
20
Suppose -50 = -4*n - n. Let w = 846 - -344. Suppose 27*y = 10*y + w. What is the highest common divisor of y and n?
10
Suppose -10 = 5*r, 2*p + 5*r = -16 + 4. Let w be 3 - (0 + 4) - 3*p. What is the highest common factor of w and 4?
2
Suppose 0 = 5*s - 2*n - 3 - 71, -s - 3*n + 25 = 0. Suppose 0 = -5*g + 31 - s. Calculate the highest common factor of 12 and g.
3
Suppose 362 = 3*y + 140. Let x = -48 + y. Suppose -4*d + 78 + x = 0. Calculate the highest common divisor of 65 and d.
13
Let j be 3 + -2 + -1 + 1. Let v = j - -1. Let d(i) = 15*i + 303. Let u be d(-20). Calculate the greatest common divisor of u and v.
1
Suppose -192 = -59*r + 51*r. Let j(g) = 4*g - 1. Let k be j(1). Calculate the greatest common divisor of r and k.
3
Suppose 3*x = i - 47, -132*i + 4*x - 76 = -135*i. Let a = -252 - -366. Let h = a + 142. What is the highest common divisor of h and i?
32
Let m(f) = 19*f**3 - f. Let r be m(-1). Let k be ((0 + r)/3)/(3/(-6)). What is the greatest common factor of 18 and k?
6
Let w(h) = -3*h**2 + 44*h + 59. Let o be w(11). Let i be 1*(34 + 4 + -2). Calculate the greatest common factor of i and o.
36
Suppose -2*b - 22 = -3*p, b + 0*b - 1 = 0. Let y(i) = -5*i - 19. Let t be ((-24)/9)/(6/9). Let c be y(t). Calculate the greatest common divisor of p and c.
1
Let y(q) = -22*q + 9 + 40*q - 15*q. Let d be y(6). What is the highest common divisor of d and 243?
27
Suppose b - 251 = -2*i, -503 = -2*b + 4*i - 7*i. Suppose 69 = -0*n + 3*n. Calculate the greatest common divisor of b and n.
23
Suppose 2*b + 4*y - 26 = 0, 5*y = 3*b + 9*y - 29. Suppose -j - b*j + 100 = 0. Let c = 17 - 12. Calculate the highest common divisor of j and c.
5
Suppose -5*l - 11 + 86 = 0. Let j be (-32)/(384/(-60))*(-2)/(-2). What is the highest common factor of l and j?
5
Let i(x) = x**3 - 9*x**2 + 10*x + 9. Let h be i(7). Let l = -46 + h. Let f = 91 + l. What is the highest common factor of 78 and f?
26
Suppose 3*n + 5*y - 253 = 0, -3*y = -5*n - 5*y + 447. Suppose 11*k = 23589 - 23446. What is the greatest common divisor of k and n?
13
Let q = -549 + 679. What is the highest common factor of 10 and q?
10
Let d(r) = 7*r**2 + 4*r + 7. Let b be d(-3). Let i = -40 + b. Calculate the greatest common factor of 45 and i.
9
Let k be 752/(-6)*(-180)/24. Let r be k/18 - (-22)/(-99). Let g(u) = -129*u + 1. Let d be g(-1). What is the highest common divisor of r and d?
26
Suppose 17 + 23 = 8*f. Suppose -f*d + 5*a + 329 = -256, 4*a = 2*d - 230. What is the 